 - 1. Let s be w(-4). Let f = s - 13. Let z(m) = 13*m + 1. Calculate the remainder when 106 is divided by z(f).
25
Let p be -5 + 2 + -18*6/(-9). Suppose -4*u - 22 = -2*v - p*u, 0 = 4*v - 4*u - 44. Calculate the remainder when v is divided by 13/5 - 4/(-10).
2
Let n = 118 + -103. Calculate the remainder when 192 is divided by n.
12
Let g = 1520 + -1501. What is the remainder when 493 is divided by g?
18
Let x = -2 + 4. Let m = 0 + x. What is the remainder when 7 - ((-10)/30)/(1/(-3)) is divided by m?
0
Let m = 8 - 5. Suppose -m*n + 488 = -n. What is the remainder when n is divided by 41?
39
Let i(c) = 8*c + 4. Let f = -5610 - -5658. Calculate the remainder when f is divided by i(3).
20
Let t(l) = 18*l**2 - 5. Let c be t(-5). Let g be 12/20 - 119/(-35). Suppose c = p + g*p. Calculate the remainder when p is divided by 23.
20
Suppose -3*h - 2*h + 95 = 0. Suppose -2*i = -4*i + 12. Suppose i*u = u + 50. What is the remainder when h is divided by u?
9
Let d(z) = -39*z**3 + 2*z**2 + 2*z + 1. Let x be d(-1). What is the remainder when ((-736)/x)/(4/(-10)) is divided by 12?
10
Let g(x) = x**2 - 4*x + 4. Let u be g(4). Let r(a) = -u*a - 2*a - 14 + 35 - 10. Calculate the remainder when r(-7) is divided by 14.
11
Let o(p) = 5*p + 383. Calculate the remainder when o(-52) is divided by 63.
60
Let d be (-6)/(0 + (-8)/(-20)). Calculate the remainder when d/(-1) + (3 - 6) is divided by 7.
5
Suppose -5*w = 0, -334 = -4*j + w - 102. Let n = 76 - j. Calculate the remainder when 120 is divided by n.
12
What is the remainder when (0/(-1) - -2)*26 is divided by 6?
4
Suppose -5*w - 3*o + 7 = 0, -4*w + 3*o = 55 - 93. Calculate the remainder when (-32)/10*30/(-4) is divided by w.
4
Suppose 258 = 9*f + 69. Suppose 16*r = f*r - 65. Calculate the remainder when 36 is divided by r.
10
Calculate the remainder when 1 + -5 - (-41)/1 is divided by 5.
2
Suppose -24*n + 30*n = 186. What is the remainder when n is divided by 18?
13
Suppose -5*u = -a + 155 + 194, 4*a - 1396 = 4*u. Calculate the remainder when a is divided by 10.
9
Let a(b) = -b**2 - 7*b. Let d be a(-5). Let g be 6/(-10) + 56/d. Suppose 0*j = 3*l + j - 61, 111 = g*l + 4*j. What is the remainder when l is divided by 7?
5
Let w(k) = -k + 20*k**3 + 6*k**3 - k**3 + 2*k**2. Let i(g) = 2*g - 7. What is the remainder when w(1) is divided by i(7)?
5
What is the remainder when 170 is divided by 19/3*(3 - 0)?
18
Let k(g) = -14*g - 138. What is the remainder when 109 is divided by k(-14)?
51
Let a be 3 + (3 - 7) + 27. Let p = -21 + a. Suppose -6*l + 8 = -p*l. What is the remainder when 13 is divided by l?
5
Suppose 17*i = 9*i + 6120. Calculate the remainder when i is divided by 96.
93
Let b = -128 - -100. Let s(n) = -n**2 - 31*n - 55. Calculate the remainder when 85 is divided by s(b).
27
Suppose -2 = -d + 14. Suppose 0 = -a + a - 3*a. Suppose -5*z + 5 = h, a = 5*h - 0*h - 5*z - 175. Calculate the remainder when h is divided by d.
14
Suppose 63 = 5*z + 2*k - 20, -5*k = -4*z + 73. What is the remainder when 32 is divided by z?
15
Let a(m) = 9*m + 120. Calculate the remainder when 127 is divided by a(-6).
61
Let a = 574 - -294. Calculate the remainder when a is divided by 29.
27
What is the remainder when 2*(2/(-7) - 22302/(-196)) is divided by 38?
37
Let u = -140 + 189. What is the remainder when 244 is divided by u?
48
Suppose 95 = 3*b - 2*q, 4*q - 5*q = -2. Let z = 12 + 18. Let y = b - z. Calculate the remainder when 13 is divided by y.
1
Suppose -4*o + 95 + 25 = 4*s, o - 138 = -5*s. Suppose 2*y - 18 = 10. Suppose -2*x = -3*x + y. What is the remainder when s is divided by x?
13
Let p be (7 - 10) + (3 - -2). Suppose -4*v = -3*f - 164, p*v + 2*f = v + 41. Calculate the remainder when v is divided by 21.
20
Suppose 0 = -11*h + 33 + 55. Let n(x) be the first derivative of -23*x**4/4 - 2*x**3/3 + x - 3. What is the remainder when n(-1) is divided by h?
6
Let w(x) be the first derivative of -9 - 9*x + 29/2*x**2. Calculate the remainder when w(3) is divided by 20.
18
Let z = -21 + 23. Suppose -z*f = -2*l - 0*f + 90, -3*f + 80 = 2*l. Suppose 5*a = o - l, 1 = -5*a - 4. Calculate the remainder when o is divided by 10.
8
Suppose -1005 = 3*n - 1086. Suppose -2*j + 11 + 11 = 0. Calculate the remainder when n is divided by j.
5
Let v = 33 - 19. Suppose -83 = -3*l + m, -3*l - 5*m + 10 + 43 = 0. Calculate the remainder when l is divided by v.
12
Let j(u) = 8*u + 2. Let i = 272 - 266. Calculate the remainder when j(1) is divided by i.
4
Let r(n) = 3*n + n + 2 + 4. Let q be r(-4). Let f(a) = -9*a - 3. What is the remainder when f(q) is divided by 22?
21
Suppose 3*u + 0*h = 3*h + 405, 3*h = -2*u + 255. Suppose 0 = l - 4*z - 30 - 1, -3*l = 5*z - 76. Calculate the remainder when u is divided by l.
24
Calculate the remainder when -6 + 19/(171/990) is divided by 36.
32
Suppose j - 6 = 4*i, 3*i = -5*j - 2*i + 80. Let q = -289 + 187. Let m = q - -143. What is the remainder when m is divided by j?
13
What is the remainder when 48 is divided by 2 + 1 + 6 - -11?
8
Let z = -228 + 326. Suppose -z = -6*l - 8. What is the remainder when 57 is divided by l?
12
Suppose 17*j - 18*j + 10 = 0. Let s(n) = -n**3 + 9*n**2 + 12*n - 3. Let w be s(j). Suppose f - 87 + w = 0. Calculate the remainder when f is divided by 24.
22
Suppose -4*r = -2*t + 36, 4 - 2 = t. Let m = 62 - 35. Let d = m + r. Calculate the remainder when 54 is divided by d.
16
Suppose 5*x + 2*p - 18 = x, -3*x + 4*p = -8. Suppose t + 24 = m, -x*m + 10 = 5*t - 59. Calculate the remainder when 23 is divided by m/3 - 1*-1.
7
Suppose -3*w - 11 = 10. Let f(h) = -6 + 13 - 15 - 10*h. Calculate the remainder when f(w) is divided by 13.
10
Let c(w) = w - 2. Let b be c(5). Suppose b = -3*v + 18. Let i = -812 + 819. Calculate the remainder when i is divided by v.
2
Let v = 29 + -19. Suppose -v*u = -7*u - 105. What is the remainder when 138 is divided by u?
33
Let d(k) = 4*k**3 - 2*k. Calculate the remainder when (-8)/(104/(-169)) - -123 is divided by d(2).
24
Suppose 104 = 3*b + 4*g, -7*b - 2*g + 132 = -3*b. What is the remainder when 61 is divided by b?
29
Suppose -3*h + 5*y + 696 = 0, 4*h - 1064 = 3*y - 147. What is the remainder when h is divided by 10?
7
Suppose 0 = -4*s - 4*v + 1676, -4*v = 28 - 8. Let h = s + -245. Calculate the remainder when h is divided by 26.
23
Let o = 385 - 378. What is the remainder when 15 is divided by o?
1
Suppose -20 = -5*u - 9*j + 4*j, 5*u + 2*j = 35. What is the remainder when 68 is divided by ((-30)/25)/(u/(-60))?
4
Let k be (-9)/45 + 48/15. What is the remainder when (624/(-64))/(k/(-8)) is divided by 11?
4
Let u be (18/(-15))/((-6)/(-20)). Let o(r) be the first derivative of -r**3/3 - 7*r**2/2 - r - 33. What is the remainder when 41 is divided by o(u)?
8
Let f = 2 - 10. Let y = f - -9. Let p(d) = 2*d**3 - 36*d**2 + 1. What is the remainder when y is divided by p(18)?
0
Let y(d) = 4*d**2 + 18*d - 7. What is the remainder when y(5) is divided by 17?
13
Suppose 31*h - 25*h - 810 = 0. Calculate the remainder when h is divided by 43.
6
Let f(d) = 8*d - 2. Let b be f(-3). Let q(w) = -3*w - 45. What is the remainder when q(b) is divided by 18?
15
Suppose 2*k - 17 = -1. Suppose 3*l = k*l - 60. Suppose -z - 4 + 27 = 0. Calculate the remainder when z is divided by l.
11
Let c = 4 + 1. Suppose 0 = -c*z + 25 + 20. Suppose 2*n + 0*n = 8. What is the remainder when z is divided by n?
1
Suppose 9*f - 7*f - 334 = 0. What is the remainder when f is divided by 13?
11
Suppose 0 = -3*k + 10*k + 903. Let a = k + 158. Calculate the remainder when 56 is divided by a.
27
Let b(s) = s**3 - s**2 - 14*s + 7. Calculate the remainder when 86 is divided by b(-3).
8
Let l = 401 - 388. Calculate the remainder when 232 is divided by l.
11
Suppose -x - 1 = -n + 2, 3*n - 5*x - 11 = 0. Let w be -3 + -1*(11 - n). What is the remainder when 33 is divided by 3/w - 49/(-4)?
9
Let z(i) = -i**3 - 3*i**2 - 4*i + 1. Calculate the remainder when z(-5) is divided by ((-847)/(-49) + -7)/(6/21).
35
Calculate the remainder when 54 is divided by -12*((-99)/38 + (-56)/(-532)).
24
Suppose -4*c + 301 = 3*l + 120, l - 57 = -2*c. What is the remainder when l is divided by 14?
11
Suppose 38 = 11*t - 1106. Suppose 13*i - 5*i - t = 0. What is the remainder when i is divided by 7?
6
Let q = 25 + -8. Let m = 56 + -50. Calcula